{"id":1054,"date":"2021-02-11T22:01:30","date_gmt":"2021-02-11T21:01:30","guid":{"rendered":"https:\/\/musikverein-sinzenich.de\/?page_id=1054"},"modified":"2022-12-13T20:12:22","modified_gmt":"2022-12-13T19:12:22","slug":"2021-2","status":"publish","type":"page","link":"https:\/\/musikverein-sinzenich.de\/index.php\/2021-2\/","title":{"rendered":"2021"},"content":{"rendered":"<p><div class=\"fusion-fullwidth fullwidth-box fusion-builder-row-1 nonhundred-percent-fullwidth non-hundred-percent-height-scrolling\" style=\"--awb-border-radius-top-left:0px;--awb-border-radius-top-right:0px;--awb-border-radius-bottom-right:0px;--awb-border-radius-bottom-left:0px;--awb-flex-wrap:wrap;\" ><div class=\"fusion-builder-row fusion-row\"><div class=\"fusion-layout-column fusion_builder_column fusion-builder-column-0 fusion_builder_column_2_3 2_3 fusion-two-third fusion-column-first\" style=\"--awb-padding-top:30px;--awb-padding-right:30px;--awb-padding-bottom:30px;--awb-padding-left:30px;--awb-overflow:hidden;--awb-bg-color:#ffffff;--awb-bg-color-hover:#ffffff;--awb-bg-size:cover;--awb-box-shadow:0px 5px 12px 0px rgba(0,0,0,0.1);;--awb-border-radius:2px 2px 2px 2px;--awb-margin-bottom:0px;width:66.666666666667%;width:calc(66.666666666667% - ( ( 4% ) * 0.66666666666667 ) );margin-right: 4%;\"><div class=\"fusion-column-wrapper fusion-column-has-shadow fusion-flex-column-wrapper-legacy\"><div class=\"fusion-title title fusion-title-1 fusion-sep-none fusion-title-text fusion-title-size-one\"><h1 class=\"fusion-title-heading title-heading-left\" style=\"margin:0;\"><h1>Aus dem Jahre 2021<\/h1><\/h1><\/div><div class=\"fusion-sep-clear\"><\/div><div class=\"fusion-separator fusion-full-width-sep\" style=\"margin-left: auto;margin-right: auto;margin-bottom:20px;width:100%;\"><div class=\"fusion-separator-border sep-single\" style=\"--awb-height:20px;--awb-amount:20px;border-color:#cccccc;border-top-width:2px;\"><\/div><\/div><div class=\"fusion-sep-clear\"><\/div>\n<div class=\"fusion-builder-row fusion-builder-row-inner fusion-row\"><div class=\"fusion-layout-column fusion_builder_column_inner fusion-builder-nested-column-0 fusion_builder_column_inner_3_4 3_4 fusion-three-fourth fusion-column-first\" style=\"--awb-bg-size:cover;--awb-margin-top:15px;--awb-margin-bottom:15px;width:75%;width:calc(75% - ( ( 4% ) * 0.75 ) );margin-right: 4%;\"><div class=\"fusion-column-wrapper fusion-column-has-shadow fusion-flex-column-wrapper-legacy\"><div class=\"fusion-title title fusion-title-2 fusion-sep-none fusion-title-text fusion-title-size-one\"><h1 class=\"fusion-title-heading title-heading-left\" style=\"margin:0;\"><h2 class=\"title-heading-left\">Aus einer kleiner Idee\u2026<\/h2><\/h1><\/div><div class=\"fusion-clearfix\"><\/div><\/div><\/div><div class=\"fusion-layout-column fusion_builder_column_inner fusion-builder-nested-column-1 fusion_builder_column_inner_1_4 1_4 fusion-one-fourth fusion-column-last\" style=\"--awb-bg-size:cover;--awb-margin-top:15px;--awb-margin-bottom:15px;width:25%;width:calc(25% - ( ( 4% ) * 0.25 ) );\"><div class=\"fusion-column-wrapper fusion-column-has-shadow fusion-flex-column-wrapper-legacy\"><div class=\"fusion-text fusion-text-1\"><h2 style=\"text-align: right;\">01.01.2021<\/h2>\n<\/div><div class=\"fusion-clearfix\"><\/div><\/div><\/div><\/div><div class=\"fusion-text fusion-text-2\"><p>Ein kalter Abend war das am 18. Dezember 2020. Die Corona Pandemie und der damit einhergehende Lockdown fesselte die Musikerinnen und Musiker in ihre Wohnungen. Seit Wochen keine Proben, kein eigenes Musikmachen, kaum Kontakt zu den anderen Musikern. Die Weihnachtsfeier abgesagt, das weihnachtliche Musizieren abgesagt. Wann wird endlich alles wieder so ein, wie fr\u00fcher? Probenabende mit geselligem Ausklang, Tresengesr\u00e4che \u00fcber b-chen und Kreuz-chen, die doch niemals einer spielen kann \u2026<\/p>\n<p>Doch dann klingelt es pl\u00f6tzlich. V\u00f6llig \u00fcberrascht und unerwartet steht ER vor der T\u00fcr. Der Weihnachtsmann mit Maske und M\u00fctze, den der Musikverein ausgesandt hat, ein kleines L\u00e4cheln in die Gesichter der Musiker zu bringen.<\/p>\n<p>Mit einer kleinen \u00dcberraschung, was zum Naschen und was zum \u00dcben im Gep\u00e4ck besuchte er jeden Musiker zu Hause von Sinzenich \u00fcber F\u00fcssenich, Z\u00fclpich, Nemmenich, \u00dclpenich, L\u00f6venich, Linzenich, Enzen, Mechernich, Strempt, Schwerfen, B\u00fcrvenich, Embken, Niederzier, Alfter, Dom-Esch, Lommersum und Weiler in der Ebene zur\u00fcck nach Sinzenich. Aus der gro\u00dfen \u00dcberraschung wurde gro\u00dfe Vorfreude. Bald wurde die Route in der Vereins-Whats-App Gruppe verfolgt und die Musiker waren gespannt, wer als n\u00e4chstes an der Reihe war.<\/p>\n<p>Aus einer kleinen Idee, wie man allen im Verein eine kleine Weihnachtsfreude machen konnte wurde eine Tour mit vielen strahlenden Gesichtern und dem Wissen, dass der Zusammenhalt in unserem Musikverein sich nicht von der Corona-Pandemie beeinflussen l\u00e4sst.<\/p>\n<\/div><div class=\"fusion-clearfix\"><\/div><\/div><\/div><\/div><\/div><div class=\"fusion-fullwidth fullwidth-box fusion-builder-row-2 nonhundred-percent-fullwidth non-hundred-percent-height-scrolling\" style=\"--awb-border-radius-top-left:0px;--awb-border-radius-top-right:0px;--awb-border-radius-bottom-right:0px;--awb-border-radius-bottom-left:0px;--awb-margin-top:50px;--awb-flex-wrap:wrap;\" ><div class=\"fusion-builder-row fusion-row\"><div class=\"fusion-layout-column fusion_builder_column fusion-builder-column-1 fusion_builder_column_1_1 1_1 fusion-one-full fusion-column-first fusion-column-last\" style=\"--awb-bg-size:cover;--awb-margin-bottom:0px;\"><div class=\"fusion-column-wrapper fusion-column-has-shadow fusion-flex-column-wrapper-legacy\"><div class=\"fusion-section-separator section-separator curved fusion-section-separator-1\" style=\"--awb-spacer-height:99px;--awb-svg-margin-left:0;--awb-svg-margin-right:0;--awb-divider-height:99px;--awb-spacer-padding-top:inherit;--awb-sep-padding:0;--awb-svg-padding:0;\"><div class=\"fusion-section-separator-svg\"><svg class=\"fusion-curved-candy\" xmlns=\"http:\/\/www.w3.org\/2000\/svg\" version=\"1.1\" width=\"100%\" height=\"100\" viewBox=\"0 0 100 100\" preserveAspectRatio=\"none\" fill=\"rgba(216,0,0,1)\"><path d=\"M0 100 C 20 0 50 0 100 100 Z\"><\/path><\/svg><\/div><div class=\"fusion-section-separator-spacer\"><div class=\"fusion-section-separator-spacer-height\"><\/div><\/div><\/div><div class=\"fusion-clearfix\"><\/div><\/div><\/div><\/div><\/div>\n<\/p>\n","protected":false},"excerpt":{"rendered":"","protected":false},"author":1,"featured_media":0,"parent":0,"menu_order":0,"comment_status":"closed","ping_status":"closed","template":"","meta":{"footnotes":""},"class_list":["post-1054","page","type-page","status-publish","hentry"],"yoast_head":"<!-- This site is optimized with the Yoast SEO plugin v27.5 - https:\/\/yoast.com\/product\/yoast-seo-wordpress\/ -->\n<title>2021 - Musikverein Sinzenich 1952 e.V.<\/title>\n<meta name=\"robots\" content=\"noindex, nofollow\" \/>\n<meta property=\"og:locale\" content=\"de_DE\" \/>\n<meta property=\"og:type\" content=\"article\" \/>\n<meta property=\"og:title\" content=\"2021 - Musikverein Sinzenich 1952 e.V.\" \/>\n<meta property=\"og:url\" content=\"https:\/\/musikverein-sinzenich.de\/index.php\/2021-2\/\" \/>\n<meta property=\"og:site_name\" content=\"Musikverein Sinzenich 1952 e.V.\" \/>\n<meta property=\"article:modified_time\" content=\"2022-12-13T19:12:22+00:00\" \/>\n<meta name=\"twitter:card\" content=\"summary_large_image\" \/>\n<meta name=\"twitter:label1\" content=\"Gesch\u00e4tzte Lesezeit\" \/>\n\t<meta name=\"twitter:data1\" content=\"5\u00a0Minuten\" \/>\n<script type=\"application\/ld+json\" class=\"yoast-schema-graph\">{\"@context\":\"https:\\\/\\\/schema.org\",\"@graph\":[{\"@type\":\"WebPage\",\"@id\":\"https:\\\/\\\/musikverein-sinzenich.de\\\/index.php\\\/2021-2\\\/\",\"url\":\"https:\\\/\\\/musikverein-sinzenich.de\\\/index.php\\\/2021-2\\\/\",\"name\":\"2021 - Musikverein Sinzenich 1952 e.V.\",\"isPartOf\":{\"@id\":\"https:\\\/\\\/musikverein-sinzenich.de\\\/#website\"},\"datePublished\":\"2021-02-11T21:01:30+00:00\",\"dateModified\":\"2022-12-13T19:12:22+00:00\",\"breadcrumb\":{\"@id\":\"https:\\\/\\\/musikverein-sinzenich.de\\\/index.php\\\/2021-2\\\/#breadcrumb\"},\"inLanguage\":\"de\",\"potentialAction\":[{\"@type\":\"ReadAction\",\"target\":[\"https:\\\/\\\/musikverein-sinzenich.de\\\/index.php\\\/2021-2\\\/\"]}]},{\"@type\":\"BreadcrumbList\",\"@id\":\"https:\\\/\\\/musikverein-sinzenich.de\\\/index.php\\\/2021-2\\\/#breadcrumb\",\"itemListElement\":[{\"@type\":\"ListItem\",\"position\":1,\"name\":\"Startseite\",\"item\":\"https:\\\/\\\/musikverein-sinzenich.de\\\/\"},{\"@type\":\"ListItem\",\"position\":2,\"name\":\"2021\"}]},{\"@type\":\"WebSite\",\"@id\":\"https:\\\/\\\/musikverein-sinzenich.de\\\/#website\",\"url\":\"https:\\\/\\\/musikverein-sinzenich.de\\\/\",\"name\":\"Musikverein Sinzenich 1952 e.V.\",\"description\":\"Herzlich Willkommen auf der Webseite des MV Sinzenich!\",\"potentialAction\":[{\"@type\":\"SearchAction\",\"target\":{\"@type\":\"EntryPoint\",\"urlTemplate\":\"https:\\\/\\\/musikverein-sinzenich.de\\\/?s={search_term_string}\"},\"query-input\":{\"@type\":\"PropertyValueSpecification\",\"valueRequired\":true,\"valueName\":\"search_term_string\"}}],\"inLanguage\":\"de\"}]}<\/script>\n<!-- \/ Yoast SEO plugin. -->","yoast_head_json":{"title":"2021 - Musikverein Sinzenich 1952 e.V.","robots":{"index":"noindex","follow":"nofollow"},"og_locale":"de_DE","og_type":"article","og_title":"2021 - Musikverein Sinzenich 1952 e.V.","og_url":"https:\/\/musikverein-sinzenich.de\/index.php\/2021-2\/","og_site_name":"Musikverein Sinzenich 1952 e.V.","article_modified_time":"2022-12-13T19:12:22+00:00","twitter_card":"summary_large_image","twitter_misc":{"Gesch\u00e4tzte Lesezeit":"5\u00a0Minuten"},"schema":{"@context":"https:\/\/schema.org","@graph":[{"@type":"WebPage","@id":"https:\/\/musikverein-sinzenich.de\/index.php\/2021-2\/","url":"https:\/\/musikverein-sinzenich.de\/index.php\/2021-2\/","name":"2021 - Musikverein Sinzenich 1952 e.V.","isPartOf":{"@id":"https:\/\/musikverein-sinzenich.de\/#website"},"datePublished":"2021-02-11T21:01:30+00:00","dateModified":"2022-12-13T19:12:22+00:00","breadcrumb":{"@id":"https:\/\/musikverein-sinzenich.de\/index.php\/2021-2\/#breadcrumb"},"inLanguage":"de","potentialAction":[{"@type":"ReadAction","target":["https:\/\/musikverein-sinzenich.de\/index.php\/2021-2\/"]}]},{"@type":"BreadcrumbList","@id":"https:\/\/musikverein-sinzenich.de\/index.php\/2021-2\/#breadcrumb","itemListElement":[{"@type":"ListItem","position":1,"name":"Startseite","item":"https:\/\/musikverein-sinzenich.de\/"},{"@type":"ListItem","position":2,"name":"2021"}]},{"@type":"WebSite","@id":"https:\/\/musikverein-sinzenich.de\/#website","url":"https:\/\/musikverein-sinzenich.de\/","name":"Musikverein Sinzenich 1952 e.V.","description":"Herzlich Willkommen auf der Webseite des MV Sinzenich!","potentialAction":[{"@type":"SearchAction","target":{"@type":"EntryPoint","urlTemplate":"https:\/\/musikverein-sinzenich.de\/?s={search_term_string}"},"query-input":{"@type":"PropertyValueSpecification","valueRequired":true,"valueName":"search_term_string"}}],"inLanguage":"de"}]}},"_links":{"self":[{"href":"https:\/\/musikverein-sinzenich.de\/index.php\/wp-json\/wp\/v2\/pages\/1054","targetHints":{"allow":["GET"]}}],"collection":[{"href":"https:\/\/musikverein-sinzenich.de\/index.php\/wp-json\/wp\/v2\/pages"}],"about":[{"href":"https:\/\/musikverein-sinzenich.de\/index.php\/wp-json\/wp\/v2\/types\/page"}],"author":[{"embeddable":true,"href":"https:\/\/musikverein-sinzenich.de\/index.php\/wp-json\/wp\/v2\/users\/1"}],"replies":[{"embeddable":true,"href":"https:\/\/musikverein-sinzenich.de\/index.php\/wp-json\/wp\/v2\/comments?post=1054"}],"version-history":[{"count":4,"href":"https:\/\/musikverein-sinzenich.de\/index.php\/wp-json\/wp\/v2\/pages\/1054\/revisions"}],"predecessor-version":[{"id":1062,"href":"https:\/\/musikverein-sinzenich.de\/index.php\/wp-json\/wp\/v2\/pages\/1054\/revisions\/1062"}],"wp:attachment":[{"href":"https:\/\/musikverein-sinzenich.de\/index.php\/wp-json\/wp\/v2\/media?parent=1054"}],"curies":[{"name":"wp","href":"https:\/\/api.w.org\/{rel}","templated":true}]}}